29
Let b(x) = -25*x**2 - 5683*x - 1794. Determine b(-227).
22
Let j(l) = l**3 + 650*l**2 - 195774*l + 1755. Determine j(-874).
7
Let n(r) = 21554*r + 107738. Determine n(-5).
-32
Let z(h) = h**3 + 200*h**2 + 1911*h + 3210. Calculate z(-190).
1120
Let y(c) = 194*c - 23176. Give y(119).
-90
Let c(y) = -1508*y - 169150. Give c(-112).
-254
Let m(t) = 888*t - 5754. Determine m(7).
462
Let a(x) = x**2 + 181*x - 56040. Calculate a(163).
32
Let j(y) = -58373*y - 2043058. Give j(-35).
-3
Let o(y) = 4*y**3 + 66*y**2 - 92*y + 264. Calculate o(-18).
-24
Let t(g) = -3*g**3 + 188*g**2 + 158*g - 5999. Give t(63).
-14
Let q(w) = 38516*w + 1232512. Calculate q(-32).
0
Let i(n) = n**2 + 634*n + 40984. Determine i(-561).
31
Let x(d) = 16137*d - 16198. What is x(1)?
-61
Let w(j) = 3*j**3 - 752*j**2 - 894*j + 161432. What is w(251)?
39
Let q(x) = -29*x**2 + 129*x - 790. Give q(6).
-1060
Let h(r) = 1537*r + 8966. Determine h(-9).
-4867
Let o(w) = -6*w**2 - 1081*w + 16206. Calculate o(14).
-104
Let o(w) = 4*w**3 - 168*w**2 + 976*w + 146. Determine o(35).
6
Let b(u) = -11*u**3 - 1516*u**2 + 243*u - 328. Give b(-138).
4226
Let q(i) = 1337*i**2 - 479943*i - 14365. What is q(359)?
-5
Let y(d) = d**2 + 4811*d + 406360. Calculate y(-86).
10
Let m(f) = 5*f**2 - 3160*f - 31721. What is m(-10)?
379
Let x(d) = -2*d**2 + 351*d - 4393. Give x(162).
-19
Let i(s) = 3*s**2 + 956*s - 39876. Determine i(-356).
-4
Let l(f) = 3*f**3 - 80*f**2 - 298*f - 45. Give l(30).
15
Let w(l) = l**3 + 26*l**2 + 65*l - 3. Determine w(-23).
89
Let w(m) = -3*m**3 + 3389*m**2 - 2145*m - 127631. What is w(1129)?
-54
Let o(s) = 17*s - 166. Determine o(-16).
-438
Let p(v) = -v**3 + 69*v**2 + 82*v + 3576. Give p(71).
-684
Let v(p) = -617*p - 9325. Calculate v(-15).
-70
Let l(o) = 10*o**3 - 63*o**2 + 95*o - 126. Determine l(6).
336
Let a(s) = s**3 - 12*s**2 - 744*s + 6634. Give a(9).
-305
Let c(h) = -9*h**3 - 155*h**2 + 10*h + 1218. Give c(-17).
470
Let u(m) = 13*m**2 + 3121*m + 60009. What is u(-219)?
3
Let m(k) = -6*k**2 + 542*k - 4775. What is m(9)?
-383
Let m(n) = 8579619*n + 3. What is m(0)?
3
Let u(i) = -24062*i - 144360. What is u(-6)?
12
Let u(o) = -o**3 - 29*o**2 - 202*o - 47. What is u(-19)?
181
Let n(k) = -k**2 - 326*k - 24609. What is n(-123)?
360
Let x(n) = -331170*n + 1987023. What is x(6)?
3
Let l(z) = -37*z**2 - 14127*z + 2772. What is l(-382)?
98
Let d(h) = 54*h**2 - 7298*h + 1022. What is d(135)?
-58
Let b(u) = -u**3 - 93*u**2 - 277*u - 1209. What is b(-90)?
-579
Let k(q) = -2610*q**3 + 2*q**2 + 222*q - 223. Calculate k(1).
-2609
Let a(d) = -9*d**2 + 477*d - 472. Calculate a(52).
-4
Let c(y) = 3457*y - 453121. Determine c(131).
-254
Let r(t) = -2*t**2 + 149*t - 1788. Give r(55).
357
Let f(d) = 12896*d + 4397545. What is f(-341)?
9
Let x(o) = -4*o**2 + 3639*o + 25305. Determine x(-7).
-364
Let j(d) = 1177*d + 33029. Determine j(-28).
73
Let w(m) = 13*m**2 - 327*m + 1871. Calculate w(6).
377
Let x(o) = -12*o**3 + 989*o**2 + 567*o + 1308. What is x(83)?
146
Let l(p) = 266*p**2 + 60116*p - 86. What is l(-226)?
-86
Let r(z) = -1208*z**3 - 10*z**2 + 49*z - 49. What is r(1)?
-1218
Let d(s) = 4*s**2 - 865*s - 15835. Determine d(-18).
1031
Let j(g) = -34*g - 3592. What is j(-82)?
-804
Let c(v) = v**3 + 727*v**2 - 78125*v + 3328. Calculate c(95).
3
Let s(i) = -i**2 - 99*i + 10786. What is s(-155)?
2106
Let u(v) = 6772*v - 1049657. Give u(155).
3
Let b(o) = 317*o - 213983. Calculate b(675).
-8
Let i(q) = q**3 - 83*q**2 + 419*q - 7. Calculate i(5).
138
Let g(n) = -3*n**2 + 35*n + 255. Calculate g(-13).
-707
Let q(x) = -788733*x - 16563398. Give q(-21).
-5
Let s(y) = y**3 + 56*y**2 + 1168*y + 61196. What is s(-55)?
-19
Let s(j) = 15*j**3 + 132*j**2 + 62*j + 836. Calculate s(-9).
35
Let x(q) = -2063*q - 28857. What is x(-14)?
25
Let a(t) = -393641*t - 15351991. Calculate a(-39).
8
Let n(r) = -r**3 - 5*r**2 + 112*r + 1532. Give n(13).
-54
Let a(z) = -14235*z - 13821. Give a(-1).
414
Let t(s) = 895*s + 170950. Calculate t(-191).
5
Let i(d) = 835*d + 183713. Determine i(-220).
13
Let f(h) = -13*h - 2475. What is f(-160)?
-395
Let n(c) = -2*c**3 - 27*c**2 - 14*c - 1. Determine n(-13).
12
Let a(s) = 4695*s + 70037. Give a(-15).
-388
Let t(s) = 2*s**2 - 2503*s - 87181. What is t(-34)?
233
Let s(b) = -19*b**3 - 1968*b**2 - 1118*b + 1543. Give s(-103).
-2
Let i(v) = 210*v**2 - 4559*v + 3189. Give i(21).
60
Let s(f) = 48*f**2 - 5267*f - 29096. Give s(115).
-1
Let l(u) = -u**3 - 32*u**2 + 137*u + 1017. Give l(-35).
-103
Let l(p) = -110*p - 2493. Give l(-19).
-403
Let i(z) = 2*z**3 - 41*z**2 - 129*z - 178. Determine i(23).
-500
Let g(u) = 58*u**3 + 4534*u**2 + 777*u - 229. What is g(-78)?
5
Let g(d) = d**3 - 47*d**2 - 844*d + 36931. Give g(49).
377
Let o(d) = d**3 + 13*d**2 - 557*d - 6366. What is o(-11)?
3
Let n(x) = x**3 + 85*x**2 + 180*x + 36. Determine n(-4).
612
Let d(i) = 12*i**2 + 8170*i - 135219. Calculate d(-697).
-1
Let f(n) = 6*n**3 - 1040*n**2 + 14249*n - 30. What is f(15)?
-45
Let a(f) = -1243*f**2 - 3718*f + 10. Give a(-3).
-23
Let y(z) = -296*z**3 + 7400*z**2 + 9*z - 223. Determine y(25).
2
Let l(g) = g**2 - 27871*g - 1452013. Determine l(-52).
-17
Let r(h) = 8168*h - 253222. Determine r(31).
-14
Let h(q) = -q**3 + 1099*q**2 - 258022*q - 12924. Give h(340).
-4
Let o(z) = 235*z + 5118. Determine o(-23).
-287
Let p(g) = -1158*g + 94966. Calculate p(82).
10
Let w(l) = l**3 + 37*l**2 + 254*l - 546. Calculate w(-15).
594
Let u(q) = -20769*q - 21007. Give u(-1).
-238
Let m(b) = b**3 - 162*b**2 - 2187*b - 15407. Calculate m(175).
-7
Let d(z) = -8062*z - 854579. Give d(-106).
-7
Let n(f) = -13*f**3 - 3896*f**2 + 1198*f - 605. What is n(-300)?
-5
Let s(o) = 2238*o - 425251. Calculate s(190).
-31
Let w(v) = -72851*v - 5026726. What is w(-69)?
-7
Let f(k) = 3*k**3 - 21*k**2 - 54*k + 245. Calculate f(9).
245
Let a(b) = -186672*b - 1306670. Determine a(-7).
34
Let f(k) = -k**3 - 116*k**2 + 719*k + 95919. What is f(-115)?
9
Let o(u) = u**3 + 6*u**2 + 19575*u + 6. What is o(0)?
6
Let i(o) = o**3 + 96*o**2 + 636*o + 63. Give i(-7).
-28
Let o(h) = -88*h**2 + 2993*h + 3067. Determine o(35).
22
Let y(n) = n**3 - 230*n**2 - 340*n + 25178. Give y(231).
-1
Let h(j) = j**3 + 59*j**2 + 295*j + 3. Determine h(-6).
141
Let r(o) = -2*o**3 - 274*o**2 - 416*o + 16746. Calculate r(-135).
6
Let p(v) = 7*v**2 - 587*v + 3795. Determine p(77).
99
Let v(h) = -18*h**2 - 1814*h - 4932. Calculate v(-98).
-32
Let j(l) = -l**2 - 11*l + 2593. What is j(46)?
-29
Let k(g) = 92043*g + 552344. Give k(-6).
86
Let f(k) = -2*k**3 - 5*k**2 - 22*k + 30. Calculate f(-3).
105
Let a(s) = -5211*s - 3355897. What is a(-644)?
-13
Let h(t) = 2*t**2 - 207*t + 5333. Give h(27).
1202
Let j(x) = 2*x**3 + 91*x**2 + 976*x + 28. Determine j(-28).
140
Let o(v) = v**3 + 513*v**2 - 1597*v - 25279. Calculate o(-516).
5
Let i(p) = -p**3 + 20*p**2 - 6*p + 121. Give i(7).
716
Let k(b) = b**3 - 163*b**2 + 1952*b - 115. Determine k(150).
185
Let k(v) = v**2 - 27*v - 4704. Give k(84).
84
Let x(o) = o**3 + 5*o**2 - 88*o - 4. Calculate x(8).
124
Let t(s) = 16*s**2 + 307092*s - 3072515. What is t(10)?
5
Let s(t) = 111230*t - 778617. Determine s(7).
-7
Let m(a) = 182*a + 303. Give m(1).
485
Let h(x) = -135406*x + 4739132. Determine h(35).
-78
Let u(w) = -12*w**2 + 170*w + 2849. Calculate u(24).
17
Let d(h) = -2*h**3 + 23*h**2 + 10571*h - 116407. Determine d(11).
-5
Let z(u) = u**3 + 25*u**2 - 17861*u - 429255. Give z(-24).
-15
Let w(i) = -2*i**3 - 36*i**2 + 205*i + 3665. Calculate w(-19).
492
Let j(q) = -8830*q + 17498. Give j(2).
-162
Let b(w) = -704*w + 9823. Determine b(14).
-33
Let n(m) = -m**3 + 50*m**2 + 283*m - 14428. Determine n(50).
-278
Let x(n) = -n**3 - 26*n**2 + 885*n + 23169. Give x(-27).
3
Let b(q) = -q**2 - 745*q + 3412. What is b(0)?
3412
Let b(x) = -1461*x - 1190. Determine b(-1).
271
Let x(d) = -11*d**2 - 5004*d - 135473. Calculate x(-426).
-5
Let i(l) = 1796*l**2 - 105960*l + 101. Give i(59).
337
Let t(f) = f**3 - 189*f**2 + 2839*f - 1135. What is t(16)?
1
Let v(f) = -f**3 - 76*f**2 - 20*f - 1737. Give v(-76).
-217
Let m(w) = -6*w**2 - 47*w + 100. Give m(2).
-18
Let u(r) = -14150*r - 71239. Determine u(-5).
-489
Let r(x) = -2*x**2 + 23536*x + 235543. Determine r(-10).
-17
Let y(r) = r**3 - 25*r**2 - 154*r - 953. What is y(31)?
39
Let j(k) = -97*k**2 